ist the prime factors of m.
97
Let a = -2 + 3. Let w(g) = g**3 - g**2 - 2. Let l be w(2). What are the prime factors of (a/l)/(9/342)?
19
What are the prime factors of (-26)/(-4)*48/6?
2, 13
Suppose -h = -3*h + 6. Let o be ((-5)/h)/((-1)/9). Let q = o + -6. List the prime factors of q.
3
What are the prime factors of (18/12*-344)/(-2)?
2, 3, 43
Let t(o) = 4*o**2 - 2*o + 2. Let l be t(2). Suppose -2*n - 3*n = -10. Suppose -s + l = -0*s - 3*y, n*y + 2 = 0. What are the prime factors of s?
11
Suppose -3*i - 116 = -4*o, 5*o - 5*i = 12 + 133. List the prime factors of o.
29
Let u = -49 + -2. Let t = -30 - u. List the prime factors of t.
3, 7
Let h(v) = -v**3 + 9*v**2 - 7*v + 1. Let a be h(5). Let f = -44 + a. List the prime factors of f.
2, 11
Let w = 3 + -1. Let x = w - 1. Let h = x + 7. List the prime factors of h.
2
Suppose m + 3*m - 216 = 0. Suppose 2*o + 0*a - m = a, 2*a = o - 24. What are the prime factors of o?
2, 7
Let x = 20 + 48. Let r = x + -48. What are the prime factors of r?
2, 5
Let r = -13 - -8. Let c = 0 - r. List the prime factors of c.
5
Let k be -2 + 0 - -3 - 1. Suppose 2*p + 4*u - 24 + 6 = k, 0 = -4*p + 4*u. List the prime factors of -4*(9/(-4))/p.
3
Suppose -17 = -5*p + 23. Let b be (-6)/(-9) + p/6. Suppose -b*c + 4 + 0 = 0. List the prime factors of c.
2
Suppose 3*c + 5*x = 2*c + 239, -1055 = -5*c + 3*x. What are the prime factors of c?
2, 107
Suppose 0 = -3*k + k + 10. Suppose -k*r = -1 + 11. Let q = r + 23. What are the prime factors of q?
3, 7
What are the prime factors of 2 + (-2)/1 - (-71 + 9)?
2, 31
Suppose -3*o - 39 = -3*u, -56 = -5*u - 2*o - 2*o. Let b be 0 + u/3 - -1. Suppose b*d - 21 = 4. What are the prime factors of d?
5
Suppose p + 7 = 3. What are the prime factors of 2/p - 297/(-18)?
2
Let i(p) = p + 8. Let x be ((-4)/5)/(6/45). Let n be i(x). Suppose -n = d - 4*w - 8, 3*w = 0. What are the prime factors of d?
2, 3
Suppose -2*v - 5*z + 19 = v, 0 = -3*v - 3*z + 15. Let h = 3 + 15. Let t = h - v. What are the prime factors of t?
3, 5
Let r = 2 - 7. List the prime factors of (r/(-2))/5*44.
2, 11
Suppose i - 36 = -0*i. What are the prime factors of i?
2, 3
Let k(y) = 10*y**2 - 2*y - 1. List the prime factors of k(-2).
43
Let b(m) = -7*m + 8. Let y(i) = -13*i + 16. Let d(k) = 11*b(k) - 6*y(k). List the prime factors of d(10).
2
Let r = 104 - -168. List the prime factors of r.
2, 17
Suppose q - 51 = -2*q. What are the prime factors of q?
17
Let d(b) = 15*b**2 - b + 1. What are the prime factors of d(-1)?
17
Let v(f) = -f**3 + 7*f**2 + f + 10. Let b(o) = -7*o**3 - o**2 + 1. Let x be b(-1). What are the prime factors of v(x)?
17
List the prime factors of 98 - 4/(-8)*4.
2, 5
Suppose -2*o + 3*c = 7, -2*c + 5 = -5. Let l be 1/2 + 5/2. Suppose l*y = -5*k + 52, 5*k - k - 48 = -o*y. List the prime factors of k.
2
Let d = 12 + -20. Let a = d - -15. List the prime factors of a.
7
Let b(v) = -v**2 + 9*v + 7. Suppose -2*c - 3 + 17 = 0. Let r be b(c). Let m = r + -13. What are the prime factors of m?
2
Let q(s) = 4*s**2 - 2*s - 6. What are the prime factors of q(3)?
2, 3
Suppose 2*w - 94 = -2*f, 2*w - 138 = -3*f - 0*w. What are the prime factors of f - ((-4 - -1) + 0)?
47
Let u be 0*(-3 - 8/(-3)). Suppose -4*z - 2*i + 69 + 27 = u, -4*z - 5*i + 108 = 0. List the prime factors of z.
2, 11
Let y(v) be the first derivative of -v**2 + 5*v + 9. What are the prime factors of y(0)?
5
Let u(f) = -f**3 + 5*f**2 - 7. What are the prime factors of u(4)?
3
Let f be -3*(7/3 + -1). Let n = 2 + f. What are the prime factors of (-1)/(-1) - (-5 - n)?
2
Let f = 8 + -4. Suppose -f*j + 11 = -29. What are the prime factors of j?
2, 5
Let z be 4/10 - (-16)/(-40). Suppose z*q = 3*q - 81. What are the prime factors of q?
3
Suppose -2*t + 15 = 5*b, 0 = -5*b - 7*t + 2*t + 15. Suppose 20 = b*f + f. Suppose 3*g - 51 = -5*y, -4*y + 34 = -f*g + 4*g. What are the prime factors of y?
3
Suppose -8 = 5*t - t. What are the prime factors of 0 - t*1 - 0?
2
Let t = 3 - 1. Suppose p + 2*z = t*p + 8, 4*p = z - 11. What are the prime factors of 33/6 + (-1)/p?
2, 3
Suppose 4*r - 140 = w - 3*w, -3*w - 4*r + 220 = 0. List the prime factors of w.
2, 5
Let r = 439 - 140. What are the prime factors of r?
13, 23
Suppose -18 = -4*o - 6. Suppose 5*r - o*r = -q + 4, -4*r = 12. List the prime factors of q.
2, 5
List the prime factors of 3 + -1 - (-17 + -56).
3, 5
Suppose -p = 3*m - 5*p + 3, 0 = -4*m - 5*p + 27. Suppose 2*d = -m*d + 105. List the prime factors of d.
3, 7
Let f be 2 + 0/(3 + 0). Suppose 0 = f*g + 5*r - 25, 7*g - 4*g - 28 = 2*r. List the prime factors of g.
2, 5
Let m be 2/3*3 + 1. Suppose -m*j = j. Suppose -2*n - 4*d + 17 = -11, d - 3 = j. What are the prime factors of n?
2
Let s = 31 + -14. What are the prime factors of s?
17
Let z = -13 + 19. Suppose -z*f + 4 = -4*f. List the prime factors of f.
2
Suppose 0 = -3*h + 8*h - 335. What are the prime factors of h?
67
Let p(l) be the third derivative of l**6/120 + l**5/20 + l**4/12 + l**2. Let o be p(-2). Suppose t - 4*m = 4, -t + 3*m - m + 6 = o. List the prime factors of t.
2
Suppose 4*w = -0*w - 8. List the prime factors of w - -1*(2 - -17).
17
Suppose 5*q - 24 = 101. Let w = q + -13. Let v = w + -3. What are the prime factors of v?
3
Suppose -4*q + 196 = 20. Let h = q - 24. What are the prime factors of h?
2, 5
What are the prime factors of 1593/11 + -5 + 171/33?
5, 29
List the prime factors of (5/15)/(3/2502).
2, 139
Let o be (204/8)/((-6)/(-16)). Let d = o + -48. What are the prime factors of d?
2, 5
Let a be (-2)/5 - (-62)/5. Let p = 16 - 14. Let y = p + a. What are the prime factors of y?
2, 7
Let p(j) = -j**3 + j**2 + 3*j + 3. Let r(o) = -o**2 + 6*o + 3. Let u be r(6). Let z be p(u). Let l = 8 + z. List the prime factors of l.
2
List the prime factors of (20 + 326)/((-1 - -1) + 2).
173
Let n = -10 + 17. Suppose -3*t + 5*h + 31 = n, -2*t = 2*h. What are the prime factors of t?
3
Let n(w) = w**3 + 7*w**2 + w - 4. Let c(q) = -q**3 + q**2 - q. Let y(m) = -2*c(m) - n(m). What are the prime factors of y(9)?
13
Let q = 15 + 5. List the prime factors of q.
2, 5
Suppose 0 = n - 2*n. Suppose 2*z - 3 - 35 = n. What are the prime factors of z?
19
Suppose -3*j + 313 = -d, -4*j + j + 2*d = -311. What are the prime factors of j?
3, 5, 7
Suppose 2*m + 3*m - 10 = 0. Let a = m - -3. What are the prime factors of a?
5
Let a = 12 - 21. Let d = -1 - a. List the prime factors of d.
2
Let h = 8 - 5. Suppose h*v - v = o + 12, 2*o = v - 3. List the prime factors of v.
7
Suppose 0 = q - 3*q. Let v(h) = 3*h + 3. List the prime factors of v(q).
3
Let r = -1 - -37. What are the prime factors of r?
2, 3
Let g be 1/6 + 5/(-30). Suppose g*x + 102 = -3*x. Let w = -18 - x. What are the prime factors of w?
2
Let j be 1/(-3) + (-110)/(-6). Let t be (-6)/27 + 598/j. Let o = -15 + t. List the prime factors of o.
2, 3
Let o be (-2*5 + -2)*-1. Suppose 3*n + 0*n = o. What are the prime factors of (-1)/2 - (-26)/n?
2, 3
Let w(s) = -s**2 - 11*s + 3. Let y be w(-9). Let z be 2 - 3/((-9)/y). Let f = z - -1. What are the prime factors of f?
2, 5
Suppose k + h = 2, -k = -5*h + 19 - 3. Let z(t) = 7*t + 25. Let d be z(-3). Let p = k + d. List the prime factors of p.
3
Suppose -205 = -5*u - x, -3*u = -u + 4*x - 100. Suppose 0 = 3*j + j - u. List the prime factors of j.
2, 5
Suppose -4*k + 304 = 4*d, k - 306 = -3*k - 2*d. List the prime factors of k.
7, 11
Let u = 46 - -1. Let r = u - 32. What are the prime factors of r?
3, 5
Let c(i) = 4*i**3 + 8*i**2 + 15*i - 13. Let r(s) = s**3 + 3*s**2 + 5*s - 4. Let b(n) = -2*c(n) + 7*r(n). What are the prime factors of b(5)?
23
Suppose v - 28 = 3*a - 2*a, 0 = 2*a - 10. List the prime factors of v.
3, 11
Suppose -2*x + 32 = 12. Let w be 8/x*(-5)/(-2). List the prime factors of ((-13)/w*-2)/1.
13
Suppose 0 = -5*s - 1812 - 563. List the prime factors of ((-2)/(-5))/((-5)/s).
2, 19
Let s(o) = 48*o**2 - o. What are the prime factors of s(-1)?
7
Let a(u) = -2*u + 141. What are the prime factors of a(0)?
3, 47
Let g(b) = -b**3 + b**2 + 2*b + 1. Let c be g(2). Let n(k) = -k**3 - 3*k**2 - 2*k + 5. Let a be n(-3). Let h = c + a. What are the prime factors of h?
2, 3
Suppose 23 = -k - 2. Let u = -18 - k. List the prime factors of u.
7
Let s(g) = -7*g**3 + 2*g**2 - 5*g - 5. List the prime factors of s(-2).
3, 23
Let j(t) = 2*t**2 